7 (base 15) to base 7
30634
Convert 41167 (base 9) to base 2.
110100111101011
-1371 (base 10) to base 14
-6dd
Convert 123 (base 15) to base 3.
100120
Convert -2312331 (base 4) to base 6.
-130113
-57 (base 13) to base 6
-200
Convert -971 (base 10) to base 14.
-4d5
Convert -1327 (base 8) to base 15.
-337
What is 19d (base 14) in base 13?
1ca
Convert 3c7d (base 14) to base 7.
43116
20033011 (base 4) to base 2
1000001111000101
Convert -5423 (base 13) to base 3.
-121000222
-115 (base 15) to base 11
-203
What is -501 (base 10) in base 3?
-200120
-21231 (base 4) to base 13
-38a
Convert -51186 (base 9) to base 4.
-20032131
What is 12444 (base 7) in base 6?
23203
What is 333432 (base 6) in base 12?
14278
What is 57737 (base 8) in base 16?
5fdf
-714 (base 13) to base 7
-3333
2416 (base 10) to base 7
10021
What is 18471 (base 10) in base 7?
104565
Convert 6444 (base 7) to base 6.
14330
Convert 435 (base 8) to base 7.
555
Convert 24405 (base 6) to base 7.
13340
-61 (base 12) to base 8
-111
-1541 (base 7) to base 5
-4432
Convert -8b9 (base 14) to base 7.
-5022
What is 115342 (base 7) in base 3?
1001221111
Convert -110000000111 (base 2) to base 5.
-44304
What is -12222 (base 7) in base 4?
-302001
What is 1243444 (base 5) in base 3?
1021010021
32320 (base 4) to base 3
1022021
Convert 111101100 (base 2) to base 3.
200020
What is -4053 (base 12) in base 16?
-1b3f
What is -11110111101101 (base 2) in base 9?
-23664
What is 8446 (base 14) in base 11?
16146
Convert -10102 (base 5) to base 7.
-1621
-1a0 (base 15) to base 6
-1423
What is -25 (base 7) in base 2?
-10011
Convert 2003 (base 6) to base 15.
1e0
164644 (base 8) to base 13
212bc
Convert -5011 (base 8) to base 4.
-220021
-3549 (base 16) to base 6
-143053
What is -10100001111000 (base 2) in base 16?
-2878
What is 3673 (base 9) in base 6?
20403
Convert -103472 (base 8) to base 9.
-52434
-120111000 (base 3) to base 13
-51a2
Convert -242411 (base 5) to base 9.
-13437
-18 (base 9) to base 16
-11
Convert 10211121222 (base 3) to base 15.
175b5
55 (base 8) to base 12
39
Convert -351 (base 10) to base 5.
-2401
Convert 12c5 (base 15) to base 4.
332222
Convert 13 (base 11) to base 12.
12
Convert -3420 (base 7) to base 15.
-579
What is -210212 (base 3) in base 7?
-1502
What is 111435 (base 6) in base 3?
110222012
Convert b1 (base 16) to base 15.
bc
24220 (base 8) to base 10
10384
-600 (base 10) to base 13
-372
Convert -221404 (base 7) to base 10.
-38959
What is 364 (base 7) in base 3?
21011
Convert -2244 (base 8) to base 14.
-60c
What is 1258 (base 9) in base 14?
4b6
What is 1077 (base 8) in base 13?
353
What is -11222230 (base 4) in base 6?
-255244
What is -2343 (base 7) in base 3?
-1012000
What is 283 (base 11) in base 7?
654
What is -1010 (base 5) in base 13?
-a0
What is 142c (base 14) in base 15?
10cd
What is -31002 (base 4) in base 10?
-834
114400 (base 5) to base 13
1c98
Convert -322222 (base 4) to base 5.
-110004
What is 1031 (base 10) in base 5?
13111
2900 (base 13) to base 16
171b
-10102000 (base 3) to base 12
-1530
2101222 (base 3) to base 2
11011011010
Convert -122212011 (base 3) to base 8.
-31332
243 (base 5) to base 13
58
92 (base 14) to base 9
152
Convert 4240100 (base 5) to base 10.
71275
What is 1111000101 (base 2) in base 7?
2546
What is -12422 (base 7) in base 8?
-6343
Convert 529c (base 16) to base 12.
102a4
What is 573 (base 8) in base 5?
3004
Convert 170517 (base 8) to base 13.
2216c
-1121 (base 4) to base 6
-225
-5dd (base 15) to base 12
-931
What is -6674 (base 10) in base 7?
-25313
523 (base 7) to base 8
406
Convert -1021200 (base 3) to base 13.
-570
-10 (base 15) to base 16
-f
-2317 (base 11) to base 13
-1501
-1464 (base 8) to base 3
-1010101
What is -3170 (base 8) in base 16?
-678
c41 (base 14) to base 4
211221
-3120322 (base 4) to base 8
-33072
Convert 24204 (base 7) to base 14.
2404
What is -1852 (base 11) in base 4?
-210310
-7726 (base 9) to base 8
-13076
105234 (base 6) to base 12
521a
Convert -2420 (base 6) to base 10.
-588
Convert 12285 (base 14) to base 10.
44413
Convert -2114 (base 6) to base 15.
-21d
Convert -121020 (base 3) to base 15.
-1e3
11001111 (base 2) to base 16
cf
25502 (base 6) to base 14
1594
Convert 1117 (base 9) to base 6.
3454
What is -2434 (base 7) in base 16?
-38b
What is -843 (base 14) in base 7?
-4513
-21143 (base 5) to base 14
-739
300 (base 9) to base 10
243
2630 (base 8) to base 4
112120
-28786 (base 9) to base 8
-46217
What is -109a5 (base 12) in base 4?
-11122031
Convert -101011001010 (base 2) to base 8.
-5312
Convert -7001 (base 9) to base 7.
-20611
-532b (base 13) to base 6
-125213
What is -452 (base 6) in base 12?
-128
Convert -63671 (base 11) to base 5.
-10431033
What is -1c74 (base 13) in base 4?
-1003200
Convert 5bb8 (base 16) to base 2.
101101110111000
Convert -105 (base 9) to base 2.
-1010110
-2421 (base 16) to base 12
-5429
What is 111111011011101 (base 2) in base 6?
410205
What is -469 (base 13) in base 2?
-1011111011
What is 9998 (base 15) in base 3?
1122122022
Convert 10111333 (base 4) to base 6.
214211
2034 (base 5) to base 11
225
Convert -983 (base 14) to base 5.
-30004
212 (base 6) to base 8
120
Convert -1830 (base 11) to base 10.
-2332
What is 111010000 (base 2) in base 10?
464
What is 12430 (base 6) in base 16?
762
Convert -10000000100111000 (base 2) to base 9.
-110284
What is -20b74 (base 13) in base 4?
-32123010
Convert 112100 (base 4) to base 16.
590
-583 (base 13) to base 7
-2530
2201100 (base 3) to base 6
13100
Convert 583b (base 13) to base 11.
9341
Convert 17f6 (base 16) to base 7.
23612
26026 (base 8) to base 15
3526
What is -1fe (base 16) in base 6?
-2210
What is -31068 (base 9) in base 8?
-47772
Convert -497 (base 11) to base 5.
-4330
What is -2021111 (base 3) in base 13?
-9a9
Convert 1110100111 (base 2) to base 14.
4ab
What is 3263 (base 12) in base 9?
7543
Convert 220 (base 15) to base 8.
740
Convert 1100012 (base 3) to base 5.
12402
Convert 131015 (base 6) to base 12.
6a6b
-11000110011011 (base 2) to base 6
-134443
2545 (base 7) to base 15
444
Convert 4330 (base 5) to base 11.
497
What is 1320 (base 6) in base 5?
2321
What is 1b (base 12) in base 15?
18
What is 129 (base 10) in base 5?
1004
Convert 21002 (base 4) to base 12.
402
Convert -32011 (base 4) to base 5.
-12101
What is 2230 (base 8) in base 6?
5240
c11 (base 14) to base 6
14543
c32 (base 14) to base 15
a9b
-100110110011 (base 2) to base 15
-b08
10110100000011 (base 2) to base 4
2310003
-21222 (base 3) to base 5
-1330
What is -2002 (base 3) in base 2?
-111000
Convert -37833 (base 9) to base 11.
-1814a
-d643 (base 14) to base 12
-19437
-55bf (base 16) to base 12
-10853
Convert -501144 (base 6) to base 12.
-1a7b4
Convert -100000111101011 (base 2) to base 13.
-78b1
Convert -1a2 (base 13) to base 3.
-102011
Convert -60245 (base 8) to base 13.
-b352
What is 2423 (base 5) in base 13?
21c
Convert 1121200220 (base 3) to base 14.
b877
Convert -11100011100 (base 2) to base 14.
-940
What is -111110101 (base 2) in base 15?
-236
What is -10032 (base 6) in base 14?
-6a0
Convert -654 (base 10) to base 5.
-10104
51273 (base 9) to base 8
101742
Convert 61b (base 12) to base 13.
533
Convert 81408 (base 9) to base 15.
10cee
-60721 (base 8) to base 2
-110000111010001
What is -102501 (base 6) in base 2?
-10000011000101
What is -320 (base 11) in base 16?
-181
What is -143626 (base 8) in base 6?
-1032314
103 (base 6) to base 7
54
What is 2314 (base 6) in base 11?
460
What is -4019 (base 13) in base 10?
-8810
What is 100101000111 (base 2) in base 7?
6632
Convert -13b3 (base 13) to base 2.
-101100100010
-10122 (base 6) to base 9
-1755
What is -1749 (base 16) in base 6?
-43333
210000 (base 3) to base 8
1067
What is 37 (base 8) in base 6?
51
What is -314340 (base 5) in base 16?
-2963
Convert -1021033 (base 4) to base 7.
-16444
440 (base 9) to base 14
1ba
14b79 (base 12) to base 3
1111020010
Convert 11866 (base 14) to base 6.
530122
What is 243 (base 14) in base 10?
451
What is 311 (base 4) in base 5?
203
What is 10103002 (base 4) in base 6?
213254
What is 55852 (base 9) in base 3?
1212221202
19c1 (base 13) to base 7
14204
Convert -34164 (base 7) to base 6.
-104050
-24de (base 16) to base 8
-22336
What is c8b (base 14) in base 8?
4653
-1919 (base 13) to base 7
-13622
-2030 (base 11) to base 5
-4124